x is divided by 5?
3
Suppose 4*q - 74 = 18. What is the remainder when q is divided by 5?
3
Suppose 0 = 3*x - 5*x + 18. Let u be 3/12 - 21/(-12). Suppose -130 = -7*h + u*h. What is the remainder when h is divided by x?
8
What is the remainder when 19 is divided by -2 - (4*-7)/4?
4
Let r(j) = j**2 - j + 2. Let q be r(2). Suppose -p + 2*s = -6, -q*p + 3*s + 28 - 4 = 0. Calculate the remainder when 11 is divided by p.
5
Suppose 455 = -6*v + 11*v. Calculate the remainder when v is divided by 23.
22
Let j(k) = 2*k**2 - 14*k + 22. Calculate the remainder when j(9) is divided by 8.
2
Let d(s) = 1 - 2 - 3*s + 3 + 1. Let h(b) = -9*b - 1. What is the remainder when d(-4) is divided by h(-1)?
7
Let w(z) = 3*z**2 + 5*z + 2. Suppose -5*n + 30 = l, n + 6*l - 4*l = 15. Let t(o) = o**2 - o + 5. What is the remainder when t(n) is divided by w(-3)?
11
Suppose 0 = -5*q + n - 35, -3*q + 5*n = -q + 14. Let l = q - -18. What is the remainder when 21 is divided by l?
10
Let t be (-1)/(-1)*1 + 2. Suppose 18 = p + 4*n, 6 = -p - 2*p + t*n. Calculate the remainder when p is divided by 2.
0
Let y(r) = -r**2 - 10*r + 13. Suppose 9*b = 6*b + 36. Calculate the remainder when y(-9) is divided by b.
10
Suppose j = 3*o + 61, -o - j = j + 32. Let m be 0 + o + -5 + 4. What is the remainder when 17 is divided by 4/16 - m/4?
5
Let k = -67 - -94. Calculate the remainder when k is divided by 8.
3
Let b(y) = 14*y**2 - 8*y - 9. Let u(h) = -5*h**2 + 3*h + 3. Let g(r) = 4*b(r) + 11*u(r). What is the remainder when g(-7) is divided by 10?
9
Suppose 3*k - k = 36. Let h = -27 + 78. What is the remainder when h is divided by k?
15
Let w(x) = -7*x - 2. Suppose -54*u + 59*u = 555. What is the remainder when u is divided by w(-3)?
16
Suppose 0 = 4*d - 13 - 15. Let o(x) = x**2 + 4*x + 1. Calculate the remainder when o(-6) is divided by d.
6
Let g(j) = -j**3 + 4*j**2 - 2*j + 3. Calculate the remainder when 13 is divided by g(3).
1
Suppose -76 - 232 = -7*u. Calculate the remainder when u is divided by 9.
8
Let g(r) = -r**3 + 4*r**2 - 4*r + 2. Let b be g(2). Let y(m) = m**2 - 6*m + 2*m - 5 - b*m. What is the remainder when 3 is divided by y(7)?
1
Let d(g) = -3*g - 3*g**2 + g**2 + 11 - 5*g + g**2. Calculate the remainder when 21 is divided by d(-8).
10
Let s(i) = i**2 - i + 2. Let w be s(2). Suppose -t + w*t = 153. Let l(o) = -o**2 + 6*o + 13. What is the remainder when t is divided by l(5)?
15
What is the remainder when 10 is divided by 1*(1 + 8) + (13 - 15)?
3
Suppose 7 + 5 = 3*u. Suppose 3*w = u*w + 4. Calculate the remainder when 40 is divided by (0 - (-14)/(-4))*w.
12
Suppose -4*g + h + 8 = 0, -4 - 2 = -3*g - 4*h. Suppose 81 = 3*p - 5*w, p + g*p - 81 = 4*w. Calculate the remainder when p is divided by 15.
12
What is the remainder when ((-5)/3)/((-7)/105) is divided by 9?
7
Let y(b) = -3*b**3 + b - 2. What is the remainder when y(-2) is divided by 4?
0
Suppose 8*r - 2*i = 4*r + 48, -4*r + 46 = -i. Calculate the remainder when 32 is divided by r.
10
What is the remainder when ((-2)/(-2))/((-1)/(-117)) is divided by 24?
21
Let a be ((-22)/1)/(5/15). What is the remainder when a/(-2)*(-1)/(-3) is divided by 3?
2
Suppose 3*m = -12 + 336. Suppose -2*q + 4*k = -58, k = -4*q + 5*k + m. Calculate the remainder when q is divided by 13.
12
Let m(f) = -3*f - 3. Let x = 192 + -109. Calculate the remainder when x is divided by m(-8).
20
What is the remainder when (-792)/(-27) - (-4)/6 is divided by 11?
8
Let f = 11 + -4. Let g = -5 + 17. Calculate the remainder when g is divided by f.
5
Let t be -2 + 0 + 17 - 2. Suppose 41 = 3*v - t. What is the remainder when 52 is divided by v?
16
Let q = 11 - 7. Suppose 0*v = q*v - 28. Let b = 2 - -18. What is the remainder when b is divided by v?
6
Let g be (0/(-2))/(6 - 4). Suppose -2*a + 3*a - 19 = g. What is the remainder when a is divided by 11?
8
Suppose -5*y - 203 = -12*y. Calculate the remainder when 173 is divided by y.
28
Let r = 56 + -55. Let o = 1 - -1. What is the remainder when r is divided by 6/o + -4 + 2?
0
Let p be 2*(-3)/6 + 10. Suppose b + 1 - 22 = 5*w, -p = -4*b - 5*w. Calculate the remainder when 16 is divided by b.
4
Suppose -4*q + 61 = 3*z, -2*z + 11 = 3*q - 28. Calculate the remainder when 77 is divided by z.
23
Let s = 209 + -122. Suppose 2*y - 75 = 3*b + 2*b, 0 = -4*b - 12. Calculate the remainder when s is divided by y.
27
Suppose 4*k + 6*z = z - 47, 0 = -5*k - 3*z - 75. Let g = 25 + k. What is the remainder when 26 is divided by g?
5
Suppose 90 = 5*z - 15. Suppose -2*y + 8 = r - 6, -r + 5*y - z = 0. What is the remainder when 11 is divided by r?
3
Let q(m) = 11*m**2 - 3*m + 1. Calculate the remainder when q(2) is divided by 14.
11
Let d = 15 - 11. Suppose 0*z = 4*p + d*z - 204, 5*z = -2*p + 108. Calculate the remainder when p is divided by 17.
15
Suppose z = 2*z. Suppose -5*l + 800 = -z*l. Suppose 3*f - l = -f. What is the remainder when f is divided by 14?
12
Calculate the remainder when (2/4)/(31/10106) is divided by 33.
31
Let b(l) = -l + 13. Let f = 6 - 2. Suppose -3*i - 23 = -3*u + 10, 0 = -3*u + f*i + 37. Calculate the remainder when b(0) is divided by u.
6
Let q = -38 - -54. What is the remainder when 62 is divided by q?
14
Let l(f) = -36*f - 1. Let u be l(-2). Let k = -45 + u. Calculate the remainder when k is divided by 7.
5
Let r = 164 - 65. What is the remainder when r is divided by 25?
24
Let w = 47 + -24. Suppose q = 5*n - 2*q - 77, w = 3*n + 4*q. What is the remainder when 38 is divided by n?
12
Calculate the remainder when 42 is divided by (-25 + 3)*(-1)/2.
9
Let n(m) = m**3 + m**2 + m + 34. Let w = 102 + -3. What is the remainder when w is divided by n(0)?
31
Let s be (-82)/5 - (-6)/15. What is the remainder when 14 is divided by 12/s - 23/(-4)?
4
Let g = 23 + 21. Calculate the remainder when g is divided by 23.
21
Suppose 4*x + 5 = -5*y, -2*x + 5 = x + 2*y. Let q = x - -22. Let k(d) = -5*d. Calculate the remainder when q is divided by k(-3).
12
What is the remainder when 1/(5/(-510)*-3) is divided by 18?
16
Let s = -5 + 7. Suppose -5*v + s + 13 = 0. Suppose 3*j + 1 = -2*y, -2*j = 7*y - 3*y - 10. Calculate the remainder when y is divided by v.
1
Let m = 163 + -120. What is the remainder when m is divided by 23?
20
Suppose 0*r + 174 = 3*r. Calculate the remainder when r is divided by 15.
13
Let h = 18 + 2. Suppose -2*d - h = 3*d. Calculate the remainder when (164/6)/(d/(-6)) is divided by 21.
20
Let i(y) = y**2 + 3 + 0 + 7*y - 2*y. Let f be -3*1/(-3)*-5. Calculate the remainder when 8 is divided by i(f).
2
Suppose -4*l = -5*a - 46, -2*l - 2*l - 5*a + 26 = 0. Suppose l = -5*w + 34. What is the remainder when 14 is divided by w?
4
Let h = 25 - 45. Let j be 4*((-2)/(-2) - -7). Let i = j + h. Calculate the remainder when i is divided by 7.
5
Calculate the remainder when (38/5)/(486/120 - 4) is divided by 31.
28
Let c(i) be the second derivative of i**3/3 + 11*i**2/2 + 6*i. Calculate the remainder when (3/9)/(1/6) is divided by c(-5).
0
Suppose -4*o = -37 - 11. What is the remainder when o is divided by 5?
2
Suppose -1 = 3*a + 5. Let l = a + 21. Calculate the remainder when l is divided by 10.
9
Calculate the remainder when 163 is divided by ((-20)/(-8) - 1)/((-3)/(-66)).
31
Let u(f) = f**3 + 3*f**2 - 4*f + 5. Suppose -4*m - 1 = 3*g, 2*m + 2*g = -2*g - 8. What is the remainder when 35*(0 + m/5) is divided by u(-4)?
4
Let x(c) = 2*c**3 - 3*c**2 - c - 2. Calculate the remainder when 62 is divided by x(3).
18
Suppose 4*a + v - 2*v - 878 = 0, -4*a + 890 = 5*v. Suppose 3*n = -2*n + a. Let f(u) = -u**3 + u**2 - 3*u - 3. What is the remainder when n is divided by f(-2)?
14
Let f be -3 + -2 + 5 + 63. Let d be (-3 - 30/(-9))*f. Let c = d + -11. What is the remainder when c is divided by 6?
4
Let l(w) = -w**3 - 6*w**2 - 5*w - 4. Let u be l(-5). Let y(t) = 2*t**2 + 4*t - 2. Calculate the remainder when 2/5 + (-256)/(-10) is divided by y(u).
12
What is the remainder when 3 - (1 - 18*3) is divided by 12?
8
Let g = -4 - 0. Let j = 2 + g. What is the remainder when 53 is divided by (81/18)/(j/(-8))?
17
Suppose -2*r + 130 = -3*i, -13 = -3*r + i + 175. Calculate the remainder when r is divided by 32.
30
Let l = 9 + -5. Suppose 0 = -l*d - 4, 6*d + 59 = 4*h + 3*d. Suppose 0 = 4*y - 26 - h. What is the remainder when 28 is divided by y?
8
Let z(d) 